et l(f) = -36*f - 222. Let b be l(-6). Let s(k) = -6*k - 27. Calculate s(b).
9
Let d(k) = -k**3 - 6*k**2 + 9*k - 6. Let f(w) be the second derivative of 14*w + 13/6*w**3 - 7/2*w**2 + 1/12*w**4 + 0. Let t be f(-13). Give d(t).
-20
Suppose 77*b - 72*b + 4 = 2*s, 2*b + 10 = 5*s. Let n(c) = c - 79. Give n(b).
-79
Let f(z) = -z**3 - 31*z**2 - 203*z - 104. Let d be f(-22). Let v(b) = -6*b**2 + 36*b + 4. Give v(d).
4
Let o be (-9)/(6/2)*(-54 + 51). Let f(p) = -189*p - 3*p**2 - 6*p**2 + 188*p + 0*p**2 + p**3 + 5. Give f(o).
-4
Suppose -29*q = -26*q - 27. Suppose -5*c - 5*z - 40 = 0, -q*z = -4*z + 15. Let t(b) = -b**3 - 4*b**2 + 5*b - 2. Determine t(c).
-2
Let t(r) be the second derivative of 2*r**3/3 - 23*r**2/2 + 48*r. Let s(b) = 2*b - 11. Let x(n) = 9*s(n) - 4*t(n). Calculate x(-5).
-17
Let t(m) be the first derivative of -m**3/3 + 19*m**2/2 + 31*m + 1960. What is t(20)?
11
Let l(k) = -18*k**3 - 29*k - 46. Let g(b) = 13*b**3 + 19*b + 32. Let c(d) = 7*g(d) + 5*l(d). Calculate c(-5).
-71
Suppose -10 = 9*t + 8. Let d be t + -14 + 5 + 3*1. Let f = d - -12. Let i(q) = -q - 4. What is i(f)?
-8
Let m be (-250)/875 + 106/28. Let v(t) be the second derivative of -7*t + 0 - m*t**2 + 2/3*t**3. Determine v(6).
17
Let z(l) = l**3 - 7*l**2 - 5*l + 1. Let b(f) = -f**3 + 6*f**2 + 4*f. Let c(h) = -5*b(h) - 4*z(h). Let d = -8943 - -8943. What is c(d)?
-4
Let y(t) = 3 + 7 + 14 - 9 + 4*t - 2*t - 13*t**2. Calculate y(-3).
-108
Let w be (-76)/(-18) - (-6)/(-27). Let j be ((-3009)/(-6))/((-5)/(-10)) + -2. Let z(b) = -j*b - 1 - 996*b + 1994*b. Calculate z(w).
-13
Let u be 2/(-1) + (8 + -15 - -11). Suppose -3*c = 2*q + 3, -21*q + 19*q = 4*c + u. Let f(j) = 19*j**3 - 2*j**2 + 2*j - 1. Determine f(c).
18
Let s(t) = -6*t**2 + 14*t + 1. Let j(z) = -z**3 - 204*z**2 + 490*z + 27. Let x(o) = j(o) - 35*s(o). Let q = 8 + -2. Determine x(q).
-8
Let w(b) = -b**3 + 6*b**2 - 5*b + 4. Let u = -38 - -40. Let i be 0/(u + -3 - 1). Suppose 7*s - 3*s - 20 = i. What is w(s)?
4
Suppose -504 = -44*w - 108. Suppose 8*y + w = 41. Let l(a) = 9*a - 2. What is l(y)?
34
Let q be -8 + -30*3/(-18). Let i(o) = -5*o**2 + 2*o - 4. Let j(t) = 4*t**2 - 2*t + 3. Let x(u) = 5*i(u) + 6*j(u). Calculate x(q).
-5
Let k(p) be the third derivative of 1/6*p**4 + 10*p**2 + 0 + 1/3*p**3 - 3*p. What is k(-5)?
-18
Let l(f) = 6*f - 42. Let g be l(6). Let z be ((224/12)/4)/(g/9). Let x(r) = r**3 + 8*r**2 + 8*r + 6. Give x(z).
-1
Let c = -1877 + 1100. Let r = c - -785. Let i(j) = 4*j - 32. Determine i(r).
0
Let b(q) be the first derivative of -q**3/6 - 3*q**2 - 173*q + 115. Let l(k) be the first derivative of b(k). What is l(-6)?
0
Let d(i) = i**2 + 3*i - 9. Suppose 209*c = 22*c. What is d(c)?
-9
Let v be ((-44)/33)/(1/6). Let g be (-1)/(-1)*v/(32/12). Let z(m) = -m**3 - 2*m**2 + 3*m + 1. Determine z(g).
1
Let z(l) = l + 24. Let r be 104/(-130) - (54/(-5) + -2). Calculate z(r).
36
Suppose 45 = -12*f + 237. Suppose 26*o - f*o = 0. Let i(p) = -p - 3. Determine i(o).
-3
Let k be 4 - (10/(-5) + 6). Suppose -38*u + 40*u - 46 = k. Let c(z) = z - u + 5 + 11. Determine c(0).
-7
Let l(j) = j**3 + 6*j**2 + 5*j + 2. Let o(x) = 5*x + 255. Let i = 182 - 234. Let c be o(i). Give l(c).
2
Let k(z) = z**3 - 31*z**2 - 4*z + 123. Let d be k(31). Let g(w) = -w**2 + 3. Let i(h) = 3*h**2 - 7. Let p(y) = 14*g(y) + 6*i(y). Calculate p(d).
4
Let w(h) be the second derivative of -25*h**4/12 + h**3/6 - h. Let r be ((-10)/(-4))/(2695/(-1078)). What is w(r)?
-26
Let y(g) = -2*g - 5. Suppose -19 - 10 + 35 = 3*i. Let b(j) = -j**3 + 5*j**2 - 4*j + 5. Let a be b(4). Suppose n + 2 + i = -w, 4*w + 25 = a*n. Determine y(w).
5
Let p(f) be the first derivative of f**3 + 101*f**2/2 + 156*f + 8458. Determine p(-32).
-4
Suppose -6*c + 322 + 2354 = 0. Let z = 440 - c. Let i(l) = -4*l - 14. Calculate i(z).
10
Let z(k) = k**2 - 6*k + 2. Let n = 5929 + -5921. Calculate z(n).
18
Let v(k) = k**2 + 4*k. Let g be (-4)/30 - 244/(-1830). Determine v(g).
0
Let q be ((-4)/3 - -1)/(1/(-6)). Suppose -5*z + r = -12, q*r = -4*z - r + 21. Let j(i) = 3 - z*i - 3*i + 8*i. What is j(3)?
9
Let u = 4068 + -4086. Let z(g) = -2*g**2 - 34*g + 26. What is z(u)?
-10
Suppose 0 = -6*a + 7*a - 3. Suppose -a*f + 14 = -f. Let b(p) = 7*p - 6*p - f + 4. Determine b(-7).
-10
Let r = -24574 - -24555. Let c(x) = x**3 + 19*x**2 - 7*x - 132. Calculate c(r).
1
Suppose 0 = r + 1, -12 + 7 = 4*a + 5*r. Let b(f) = f**3 + f**2 + 4. Determine b(a).
4
Let o(r) = -2*r**2 - 4*r - 4. Let p be ((-3)/18 + 3 + -3)*6. Calculate o(p).
-2
Let g(y) = -9*y + 5. Let c be 5*(-5)/12*(-268)/335*3. Give g(c).
-40
Let r(d) = 102*d**2 + 115*d - 22. Let g(n) = 41*n**2 + 48*n - 9. Let v(i) = 12*g(i) - 5*r(i). What is v(-2)?
-72
Let g(y) = -3*y - 57. Let f(h) = -5*h - 90. Let t(k) = 5*f(k) - 8*g(k). Calculate t(5).
1
Let v(z) = -9*z**2 + 11*z + 5. Let b(a) be the third derivative of -a**5/12 + a**4/4 + a**3/2 + 95*a**2. Let x(h) = -5*b(h) + 3*v(h). Give x(2).
-2
Let g(w) = 4*w - 19. Let r be g(6). Suppose 4*z + 86 = r*f - 11, z = -2*f + 31. Let p(v) = 19 + 2*v - 2*v**2 - 10*v + v**2 - f. Give p(-8).
2
Let k(z) = -12 - 2*z + z - 2*z - z**3 - 4 - 7*z**2. Let f be k(-7). Let h(i) = i**2 - 3*i + 5. Give h(f).
15
Let p(u) be the first derivative of -3*u**2/2 + 2*u + 712. Give p(1).
-1
Let j(q) be the third derivative of 7*q**4/8 - 2*q**3 - 348*q**2 - 2*q - 6. What is j(-1)?
-33
Let n(t) = -41*t + 2. Let m be n(1). Let g be (-2)/8 - m/12. Let o(q) be the first derivative of q**4/4 - q**3/3 + q**2/2 + 4*q - 2624. Determine o(g).
25
Let t(z) be the first derivative of 1/3*z**3 - 1/4*z**4 + 0*z**2 + 4*z + 10. Calculate t(0).
4
Let p(u) be the first derivative of -u**3/3 - 3*u**2 + 3*u - 1. Suppose 0 = -2*q + 3*l + 987, 5*q - 21*l - 2442 = -22*l. Let d = q - 496. Calculate p(d).
-4
Suppose -9 = -2*o - 5*a, 4*o + a + 1 = 10. Let y(m) = 1090*m**2 - 3 - 3*m + 5*m - 1088*m**2. Calculate y(o).
9
Let p(a) = -11*a + 39. Suppose -4*h = 5*j + 7, 41*j = h + 44*j + 14. Give p(h).
-38
Let p(v) = -1. Let i(f) = f + 2. Let s be i(-6). Let y(n) be the third derivative of n**4/24 + n**3/6 + 9*n**2. Let d(u) = s*p(u) - 3*y(u). Determine d(-6).
19
Let r(u) = -9*u**3 - 11*u**2 - 27*u + 4. Let a(d) = -7*d**3 - 12*d**2 - 23*d + 3. Let s(h) = -6*a(h) + 5*r(h). Give s(6).
-16
Let p(z) = -z**3 - 42*z**2 - 9*z - 6. Let q(x) = x**3 + 36*x**2 + 8*x + 5. Let f(w) = -6*p(w) - 7*q(w). Determine f(-4).
73
Let g(p) be the second derivative of -p**5/20 - 3*p**4/4 - 3*p**3/2 + 3*p**2 - 588*p. Calculate g(-6).
-48
Let k(d) = -55*d**3 + 10*d**2 - 38*d + 8. Let q(l) = 46*l**3 - 9*l**2 + 32*l - 7. Let w(n) = -5*k(n) - 6*q(n). Give w(4).
-6
Let m(q) be the first derivative of -2*q - 6 - 3/2*q**2. Calculate m(-4).
10
Let f(s) = 5*s**2 + 745*s + 139. Let q(j) = 11*j**2 + 1617*j + 278. Let c(w) = -13*f(w) + 6*q(w). What is c(-23)?
-1
Let u(k) = 3*k**3 + 40*k**2 + 16*k + 34. Let v = -13406 - -13393. Give u(v).
-5
Let a = -3243 - -3251. Suppose -b + 8 = u, 3*b - 10 = 2. Let y(n) = 6*n - 14*n + n**2 + 0 - u. What is y(a)?
-4
Let h be 700/(-150) + 5 + 1. Let n(p) be the first derivative of 3/2*p**2 - 2*p + 13 - 1/4*p**4 + h*p**3. Give n(3).
16
Suppose f - 24 = -4*o, o + 3 = -5*f + 9. Let u be 68/119*(-14)/(-4). Let w(y) = -71 + 5*y - y**2 + 0*y**u + 78. Give w(o).
1
Let n(b) be the second derivative of -b**3/6 + 3*b**2 - b. Let v be 1 + 1*(-4)/2 + 4. Suppose -28 = v*t - 52. Determine n(t).
-2
Suppose h = 0, 0*h + 20 = 5*p - 5*h. Suppose -156*g = -153*g - 9. Suppose p*a + 4*k - 5 = -1, 0 = -3*a + g*k + 15. Let m(t) = -t**2 + 3*t - 3. Give m(a).
-3
Let f(s) = -14*s + 7. Let c(o) = -o**2 + 3. Let k(z) = 2*c(z) - f(z). Give k(8).
-17
Let r(z) = 13*z**3 + 23*z**2 - 9*z + 21. Let q(p) = 5*p**3 + 8*p**2 - 4*p + 7. Let x(j) = 8*q(j) - 3*r(j). Determine x(6).
-1
Let b = -88 - -92. Let m(q) = q**3 + 8*q**2 + q + 3. Let f(j) = j**3 + 9*j**2 + 4. Let p(l) = b*m(l) - 3*f(l). What is p(-3)?
6
Let y(u) = u**3 + 4*u**2 + u - 1. Let k be (-2)/(-10) - 14/(-5). Let q be -3 + (-2)/k - (-4)/6. Calculate y(q).
5
Let j = 9102 - 9100. Let p(v) = 5*v**2 + v - 7. Determine p(j).
15
Suppose u + 24 - 54 = 0. Let i = 24 - u. Let w(o) = 3*o**3 - 3*o**2 - 10*o - 1. Let x(g) = -5*g**3 + 7*g**2 + 19*g + 3. Let r(q) = 7*w(q) + 4*x(q). Give r(i).
5
Let o(q) = -3*q**3 - 2*q + 1. Let h(a) = a**3 - a**2 - a + 1. Let m